{"id":3436,"date":"2012-12-10T09:11:48","date_gmt":"2012-12-10T08:11:48","guid":{"rendered":"http:\/\/vhrc.fr\/?page_id=3436"},"modified":"2025-07-08T09:22:17","modified_gmt":"2025-07-08T08:22:17","slug":"nascar-yankee","status":"publish","type":"page","link":"https:\/\/vhrc.fr\/en\/voitures\/yankee\/nascar-yankee\/","title":{"rendered":"Nascar yankee"},"content":{"rendered":"<p>une chevrolet de Nascar a \u00e9t\u00e9 fabriqu\u00e9e dans une gammes US avec la Viper et la FordGT40<\/p>\n<p><a href=\"http:\/\/vhrc.fr\/wp-content\/uploads\/2012\/12\/14_chevrolet_nascar_yankee.jpg\"><img loading=\"lazy\" decoding=\"async\" class=\"alignnone  wp-image-3437\" title=\"14_chevrolet_nascar_yankee\" src=\"http:\/\/vhrc.fr\/wp-content\/uploads\/2012\/12\/14_chevrolet_nascar_yankee-1024x561.jpg\" alt=\"\" width=\"696\" height=\"381\" \/><\/a><\/p>","protected":false},"excerpt":{"rendered":"<p>une chevrolet de Nascar a \u00e9t\u00e9 fabriqu\u00e9e dans une gammes US avec la Viper et la FordGT40<\/p>","protected":false},"author":5,"featured_media":3437,"parent":183,"menu_order":0,"comment_status":"closed","ping_status":"closed","template":"","meta":{"colormag_page_container_layout":"default_layout","colormag_page_sidebar_layout":"default_layout","footnotes":""},"class_list":["post-3436","page","type-page","status-publish","has-post-thumbnail","hentry"],"_links":{"self":[{"href":"https:\/\/vhrc.fr\/en\/wp-json\/wp\/v2\/pages\/3436","targetHints":{"allow":["GET"]}}],"collection":[{"href":"https:\/\/vhrc.fr\/en\/wp-json\/wp\/v2\/pages"}],"about":[{"href":"https:\/\/vhrc.fr\/en\/wp-json\/wp\/v2\/types\/page"}],"author":[{"embeddable":true,"href":"https:\/\/vhrc.fr\/en\/wp-json\/wp\/v2\/users\/5"}],"replies":[{"embeddable":true,"href":"https:\/\/vhrc.fr\/en\/wp-json\/wp\/v2\/comments?post=3436"}],"version-history":[{"count":2,"href":"https:\/\/vhrc.fr\/en\/wp-json\/wp\/v2\/pages\/3436\/revisions"}],"predecessor-version":[{"id":9951,"href":"https:\/\/vhrc.fr\/en\/wp-json\/wp\/v2\/pages\/3436\/revisions\/9951"}],"up":[{"embeddable":true,"href":"https:\/\/vhrc.fr\/en\/wp-json\/wp\/v2\/pages\/183"}],"wp:featuredmedia":[{"embeddable":true,"href":"https:\/\/vhrc.fr\/en\/wp-json\/wp\/v2\/media\/3437"}],"wp:attachment":[{"href":"https:\/\/vhrc.fr\/en\/wp-json\/wp\/v2\/media?parent=3436"}],"curies":[{"name":"wp","href":"https:\/\/api.w.org\/{rel}","templated":true}]}}

<p>une chevrolet de Nascar a été fabriquée dans une gammes US avec la Viper et la FordGT40</p>
<p><a href="http://vhrc.fr/wp-content/uploads/2012/12/14_chevrolet_nascar_yankee.jpg"><img loading="lazy" decoding="async" class="alignnone  wp-image-3437" title="14_chevrolet_nascar_yankee" src="http://vhrc.fr/wp-content/uploads/2012/12/14_chevrolet_nascar_yankee-1024x561.jpg" alt="" width="696" height="381" /></a></p>

<p>une chevrolet de Nascar a été fabriquée dans une gammes US avec la Viper et la FordGT40</p>
